greatest common factor of s and 176.
22
Suppose -25*z - 1188 = -3588. Calculate the highest common divisor of z and 1136.
16
Let g be ((-2)/2 - 31)*-82. Suppose -5*v + 140 = 5*b, -37*b + 3*v - 112 = -41*b. Let i be g/b + -4 - 2/(-7). Calculate the highest common factor of 10 and i.
10
Let k = 4618 + -4598. Let f(i) = 10*i**3 - 2*i - 4. Let h be f(3). Calculate the highest common factor of k and h.
20
Suppose 0 = -21*f + 402 - 24. Suppose f*m - 3344 = 7*m. What is the greatest common divisor of 76 and m?
76
Let j be (-164992)/(-44) + (8 - 172/22). What is the highest common divisor of j and 30?
30
Let n be 4*-1*75/(-12). Let b = 1539 - 1389. What is the greatest common factor of n and b?
25
Let d(i) = 26*i**2 - 3*i + 3. Let t be d(3). Suppose -6*c + t = 13*c. Calculate the highest common factor of 1 and c.
1
Suppose -y + 483 + 15 = w, y - w - 488 = 0. Suppose 4*s - 2*o + 498 = 6*s, 0 = 2*s - 3*o - y. What is the highest common factor of s and 31?
31
Let j be 6 + -2 + 13/(2/(2/1)). What is the greatest common factor of 3264 and j?
17
Let p(r) = 15 - r + 19 - 25. Let u be p(5). Suppose 0 = -u*g + 8, -3*x + 155 = 2*x - 5*g. Calculate the highest common divisor of x and 3.
3
Suppose -7346*r + 63 = -7339*r. Calculate the highest common divisor of 3 and r.
3
Suppose 56*a - 4*d - 24 = 53*a, d - 5 = -2*a. Suppose 6*x - 2*x + 3*v = 81, -a*v = -2*x + 24. Calculate the highest common divisor of x and 162.
18
Let l(o) = 162*o + 0*o**2 - 6 + 5*o**2 - o**3 - 330*o - 1 + 172*o. Let f be l(5). What is the highest common factor of f and 13?
13
Let b be 2/4 + (-45)/90. Suppose b = 44*r - 38*r - 108. Calculate the highest common factor of r and 6.
6
Suppose -5*b + 117 + 303 = 0. Calculate the highest common divisor of b and 714.
42
Suppose 3*i + 7 = -4*w, 6*w - 2*i - 20 = w. Suppose 2 = -w*z + 8, g - 4*z = 3. Calculate the greatest common factor of 12 and g.
3
Let p = 321 + -3. Suppose 3*s = -0*s - p. Let a be 10/15 - s/3. What is the greatest common factor of a and 4?
4
Suppose 0 = 5*t + h - 101, -2*h = -14*t + 13*t + 18. What is the greatest common divisor of t and 3090?
10
Let c be (222/4)/((-19)/114). Let i be 200/18*c/(-74). What is the greatest common divisor of i and 50?
50
Let d(m) = m**2 + 140. Let y be d(0). Suppose -184*a - 1807 + 6959 = 0. Calculate the greatest common divisor of y and a.
28
Suppose 5*d - 2*d = 270. Let o(z) = -z - 9. Let s be o(-12). Let t be (-2)/s + 0 + 416/39. Calculate the highest common divisor of t and d.
10
Let p(x) = 13*x**2 - 3*x + 6. Let a be p(-7). Suppose -j = -4*r - 5 + 33, j - 4 = 0. What is the highest common divisor of a and r?
8
Suppose 2*a = 2*v + 3622, 41*a - 45*a - 2*v = -7268. Calculate the highest common factor of 132 and a.
33
Let i be (516/688)/((2/(-2000))/(-1)). What is the highest common divisor of 1250 and i?
250
Suppose -9*y + 29 = 11. Suppose y*c - 8*c = -780. Let z = c + 0. What is the greatest common factor of z and 26?
26
Let n be 72*((-42)/9 - -4). Let r be 1986/n + (-6)/(-16). Let d = r + 83. Calculate the greatest common factor of 28 and d.
14
Suppose 4 = -5*j + j, 5*j + 5 = 5*s. Let n be 38/2 + 5 + s + -4. Calculate the highest common divisor of 76 and n.
4
Let y be 2/(-14) + 9708/42. Let h = -146 + y. Let w = h - 66. What is the highest common divisor of w and 76?
19
Let f(l) = -66*l + 121. Let d be f(-10). What is the highest common divisor of d and 355?
71
Let v = -4305 + 4590. Calculate the greatest common divisor of v and 399.
57
Suppose 0 = 53*t - 144*t + 8190. Calculate the greatest common factor of 29 and t.
1
Suppose -7*l + 7757 - 351 = 0. Let f be l/92 - ((-6)/4 - -1). Let q(d) = -83*d + 1. Let b be q(-1). What is the highest common divisor of b and f?
12
Let n = -1319 - -1396. What is the greatest common divisor of n and 217?
7
Let d(p) = p**3 + 3*p**2 - 32*p - 82. Let j be d(-5). What is the highest common factor of 42 and j?
14
Let t(i) = i**2 - 12*i - 13. Let q be ((-22)/11)/(-3 - -1). Let b be (40/(-80))/((-25)/(-24) - q). Let u be t(b). What is the highest common factor of 25 and u?
25
Suppose -1282788 + 91488 = -76*f. What is the greatest common factor of 550 and f?
275
Let s(h) = 3*h**2 + 81*h + 328. Let u be s(-4). Calculate the highest common factor of u and 1066.
26
Let q be 38/133 + ((-317)/7 - 0). Let b = 36 - q. Calculate the highest common factor of b and 108.
27
Suppose 48336 = 737*j - 313*j. Calculate the highest common divisor of j and 672.
6
Suppose -3*o + 4*f = 116, 0 = -3*f - 2*f - 5. Let m = o + 45. Suppose g = 3*c + 26, 3*g - 106 = -0*c - m*c. Calculate the highest common factor of g and 64.
32
Suppose 4*j = -3*d + 2*d + 609, 3*j - 451 = 5*d. Let h = 150 - 93. Calculate the greatest common factor of h and j.
19
Suppose 2*x + t - 15 = -4, 3*t - 12 = -3*x. Let f be x + 30/12*-2. Suppose -30 = 2*q - 7*q. What is the greatest common divisor of f and q?
2
Let f be (-4)/14 + 114/(-42) + 6. Suppose -2*c = -3*c - f*k + 66, 0 = c + 5*k - 74. What is the greatest common divisor of c and 54?
54
Suppose -4*g + 7*g = -12*g + 150. What is the highest common divisor of 54 and g?
2
Let r be -90*(-6 + (-315)/(-56) + 5/(-40)). Calculate the highest common factor of r and 54.
9
Let q = 1391 + -784. Let y = 1183 - q. What is the greatest common factor of 36 and y?
36
Let j be (-2)/(16/(-152)) + 14/(-2). Suppose -5*u - 5*s + 416 + 579 = 0, -u + 229 = -5*s. Calculate the highest common divisor of j and u.
12
Let l = -31159 + 31308. Calculate the greatest common divisor of 23542 and l.
149
Let q be (5670/84)/((-2)/(-84)). Suppose -14*z = 13*z - q. What is the highest common divisor of 30 and z?
15
Let i = 297 - 222. Let r(w) = -11*w + w + 0*w. Let c be r(-3). What is the highest common factor of c and i?
15
Suppose -2*j + 49 = -29. Let b = 55 - j. Let m = 20 - 12. What is the greatest common factor of b and m?
8
Suppose 223*l = 248*l - 20700. Calculate the highest common divisor of l and 2001.
69
Suppose 111*c - 179 = -2*q + 108*c, -2*q - 5*c + 189 = 0. Let d be (2/5)/(2/410). Calculate the highest common divisor of q and d.
82
Let j = -19660 - -19674. What is the greatest common divisor of 2191 and j?
7
Suppose -26 = 4*w + k + k, -w = k + 8. Let s be 6 - 1/(w/20*-2). Calculate the highest common factor of s and 36.
4
Suppose 2*q - 99 = 5*q. Let g = -6 - q. Suppose -522 = -13*r - 288. What is the highest common divisor of g and r?
9
Let q be 2*(0 - 1/1). Suppose 0 = -47*l + 2200 + 1560. Let y be q/7 + l/35. What is the highest common divisor of 4 and y?
2
Let x = 179 - 175. Suppose -x*t + 53 = 3*b, -5*b - 6*t + 85 = -t. What is the highest common factor of 30 and b?
15
Let j = -56 - -60. Suppose 2*c = -c, j*c - 104 = -2*t. Let y = t + 56. Calculate the highest common factor of 72 and y.
36
Suppose 4763*b - 7153 = 4757*b - 1735. What is the greatest common divisor of 1032 and b?
129
Let f be 7/3 - 16/48. Suppose -l - f*v - 3*v = -17, -l = -v - 11. Suppose q - l - 19 = 0. What is the highest common divisor of 248 and q?
31
Let f = -226 - -226. Suppose 3*c + 16*w - 132 = 13*w, f = 5*c - 2*w - 206. Calculate the greatest common divisor of 63 and c.
21
Suppose 3*r + 5*k + 19 = 0, 7*r - 5*k - 17 = 11*r. Let n be (0 - -9)/(((-12)/r)/(-18)). Calculate the highest common factor of 81 and n.
27
Suppose 6 = -2*g + 6. Suppose g = 25*k - 16*k - 333. Calculate the highest common divisor of k and 148.
37
Suppose -5*l = -4*b - 145, -b = -2*l + 43 + 12. Calculate the greatest common factor of l and 26.
1
Let s = 17 + -9. Let o = 1103 + -1101. Let a be (o/6)/((-5)/(-915)) + -5. What is the greatest common factor of a and s?
8
Suppose -15*b + 2 + 404 = 136. Let v(r) = -r**2 - 7*r + 1. Let j be v(-4). Let l(s) = 9*s + 9. Let o be l(j). What is the greatest common factor of o and b?
18
Let f(v) = -50*v + 2866. Let w be f(57). What is the highest common divisor of 4528 and w?
16
Suppose 3*g - 4 = 3*v + 2*v, -g - v + 4 = 0. Let j be (g/5)/((-14)/(-420)). What is the greatest common divisor of j and 6?
6
Suppose 8*f = -2*v + 9*f + 3, 0 = -2*v - 3*f + 7. Suppose v*b - b - 54 = 0. Calculate the greatest common factor of b and 27.
27
Let m be -47 - -57 - 7/(-1). Suppose m*d = 15*d + 328. What is the highest common divisor of 123 and d?
41
Let w(l) = -4*l + 2. Let v be w(-2). Suppose -333*j - 12670 = -642*j - 